et u be a/140 - 2/7. Let i = u - -11. What is the remainder when 9 is divided by i?
4
Let j(f) be the first derivative of 13*f**2/2 + 208*f - 50. Suppose -4*r - 5*b = -5*r + 64, -5*r = 3*b - 236. What is the remainder when r is divided by j(-15)?
10
Let j(t) = -15*t + 27. Let n(y) = -8*y + 13. Let s(g) = -4*j(g) + 7*n(g). Let q be s(6). Suppose z + q = 62. What is the remainder when z is divided by 29?
26
Let x = -34 + 55. Suppose 5*u + x = 12*u. Let v(p) = 35*p - 10. Calculate the remainder when v(u) is divided by 12.
11
Let y = 208 + -13. Calculate the remainder when y is divided by (((-6)/(-20))/(563/(-6756)))/(2/(-10)).
15
Suppose 4*q = 5*s + 333 + 44, -462 = -5*q - 3*s. Let t = q + -82. Suppose 33 - 13 = 5*n. What is the remainder when t is divided by n?
3
Let v = -40318 - -40440. Calculate the remainder when 235 is divided by v.
113
Calculate the remainder when (-979*(-15)/220)/((-6)/(-112)) is divided by 11.
3
Let p(d) = -767*d**3 - 2*d**2 - 9*d - 9. Let u be p(-1). Let g = -761 + u. Calculate the remainder when 56 is divided by g.
0
Let j be -7 + 2*(-25)/(-10). Calculate the remainder when 53 is divided by -6*j/(-4)*(-1 - 8).
26
Let z(j) = -j**3 + 22. Let k(o) = -6*o - 18. Let d be k(3). Let f = d - -36. What is the remainder when 87 is divided by z(f)?
21
Let p(v) = -v**3 + 4*v**2 + 6*v - 5. Let b be p(-4). Let d = 29 + b. Calculate the remainder when d is divided by 43.
42
Let l(w) = -6*w + 2962. What is the remainder when l(39) is divided by 15?
13
Let i = 153 - 155. Calculate the remainder when 86 is divided by 2*((-125)/i)/5.
11
Let o(r) = -r**3 + 44*r**2 - 81*r - 63. Let a be o(42). Suppose a*u = 28*u + 175. Calculate the remainder when 54 is divided by u.
4
Let z(y) be the second derivative of y**4/4 + 3*y**3 - 7*y**2 + 3*y - 9. What is the remainder when z(-9) is divided by 21?
4
Let d(i) = 3*i**2 - 32*i + 6. Let g be d(10). Calculate the remainder when 226/7 - (-5 - 74/g) is divided by 2/(-7) - 86/(-7).
8
Let i = -1512 - -3422. What is the remainder when i is divided by 29?
25
Suppose 0 = 3*b - 2*q + 44 - 191, -4*b - 3*q + 196 = 0. What is the remainder when 4800 is divided by b?
47
Let f = 97 + -138. Let i = -12 - f. Calculate the remainder when i is divided by 8.
5
Let l = 1675 + -1190. Calculate the remainder when l is divided by 19.
10
Let v be (-9)/(-5) - (-1)/5. Suppose v*m - 180 = 5*l - 21, 4*l - 4 = 0. Let q = 878 - 857. What is the remainder when m is divided by q?
19
Let l(g) be the first derivative of 16*g - 1/2*g**2 - 2. Calculate the remainder when l(-4) is divided by 6.
2
Suppose -29*b - 16*b - 792 = -26172. What is the remainder when b is divided by 7?
4
Suppose 155523*n - 57330 = 155505*n. Calculate the remainder when n is divided by 12.
5
Let f(m) = 9*m**2 + 97*m - 148. Let k(v) = -8*v**2 - 97*v + 147. Let d(n) = -6*f(n) - 7*k(n). What is the remainder when d(-51) is divided by 30?
24
Suppose 3*j - 112 = 101. Suppose -3*a = 3*y + 2*y - 17, 2 = y + 2*a. Suppose -y*w = 3*w - 126. What is the remainder when j is divided by w?
17
What is the remainder when 598 is divided by 9/(-36) - (-1173)/4?
12
Let c(k) = k**2 + 12*k + 40. Let g be c(-15). Suppose -5*z = 5*m - g, 4*z + z = -4*m + 63. Calculate the remainder when 105 is divided by m.
17
Let k be (-5)/(-4)*(-30)/(-25)*4. Suppose k*p = p + 1060. Calculate the remainder when p is divided by 54.
50
Let z = -3744 + 8313. What is the remainder when z is divided by 15?
9
Let i be ((-3)/6)/(1/(-24)). Calculate the remainder when 100 + 1 - (1 - -1) is divided by 2882/88 - (-15)/i.
31
Let m(j) = 49 - 43*j + 121*j + 101*j. Let x be m(-16). Calculate the remainder when (-2)/(x/(-565) + -5) is divided by 23.
21
Let a = -31605 + 31659. Calculate the remainder when 171 is divided by a.
9
Let i be (-642)/(-9) - (-1)/(-3). Let p = 960 - 923. Let n = i - p. What is the remainder when n is divided by 12?
10
Let j(f) = -f**3 - 55*f**2 - 656*f + 1022. Calculate the remainder when j(-20) is divided by (4/(-10))/((-2)/10).
0
Suppose -44*i = 354 - 4578. What is the remainder when i is divided by 43?
10
Let h = 8378 + -8331. What is the remainder when 121 is divided by h?
27
Let k be 0 - 2/(-6) - 6/(-9). Suppose -z - 2*t = -4 - k, 2*t + 10 = 0. What is the remainder when 342 is divided by z?
12
Let k(r) = r + 4. Let y be k(0). Suppose -y*n = -5*i + 40, -4*n - n - 16 = -2*i. Suppose -i*t - 3*t = -88. What is the remainder when 20 is divided by t?
4
Let h(j) = 54*j - 1665. Let i(n) = -n**2 - 21*n - 3. What is the remainder when i(-15) is divided by h(31)?
6
Let f = -29 + 31. Suppose 3 = -3*h, -h + f*h = s - 8. Suppose j + s*j = 1560. What is the remainder when j is divided by 49?
48
Let m(x) = 2*x + 23. Let z be m(10). Let h(k) = -k**2 - 6. Let y be h(-5). Let j = z + y. Calculate the remainder when j is divided by 7.
5
Let n = 100 + -35. Let f = 3642 - 3639. Suppose n + 196 = f*i. What is the remainder when i is divided by 11?
10
Let j(x) = 4*x**2 - 3*x - 1. Suppose 3*p = 3*l + 32 + 22, -3*l + 16 = 2*p. Suppose -p*w = w - 585. Calculate the remainder when w is divided by j(-2).
18
Let l(k) = -k**3 - 2*k + 20. Let y = 69 + -69. Let a(i) = -2*i**3 + 18*i**2 - 24*i + 6. Calculate the remainder when a(7) is divided by l(y).
14
Suppose 0 = -4*r + 4*h + 36, -69 = -5*h - 54. What is the remainder when 32 - 3/(2 - 3) is divided by r?
11
Let p = -2723 - -2751. Calculate the remainder when 191 is divided by p.
23
Let p be (12*2)/(5 + (-43)/9). Let b = p + -99. Suppose -j - 5*f + 11 = 0, -f - 2*f = -3. What is the remainder when b is divided by j?
3
Let t(a) = a**3 + 19*a**2 - 20*a + 51. Suppose -140 = 12*u - 5*u. What is the remainder when 197 is divided by t(u)?
44
Suppose 1872*c = 1784*c + 7480. Calculate the remainder when 1527 is divided by c.
82
Suppose 4*c = -5*p + 4091, 5*c + 0*p = 2*p + 5122. Let o = 64377 - 64320. What is the remainder when c is divided by o?
55
Let o(n) = -51*n + 242*n - 24*n - 19*n - 38. Let p(s) = s**2 - s - 2. What is the remainder when o(1) is divided by p(-5)?
26
Suppose 1346268 = 1026*k - 949*k. What is the remainder when k is divided by 201?
198
Suppose 0 = 2*d + m - 197, -4*m = -2*d - 0*m + 182. What is the remainder when d is divided by 58 - (70/(-49) - (-1711)/203)?
46
Suppose 20 = -4*n + 8, 2*n = -2*d + 96. Suppose -4*x = d + 45. Let a = 64 - x. What is the remainder when a is divided by 30?
28
Suppose 1019 = 10*l - 5021. Let p = l - 598. What is the remainder when 33 is divided by p?
3
Let l(x) = 11*x**2 + 26. Let b be l(8). What is the remainder when b/6 + (-24)/(-18) is divided by 42?
39
Let y = 44 + -20. Let n(h) = h**3 - 33*h**2 + 33*h - 31. Let m be n(32). What is the remainder when 129/3 + 2/(3 - m) is divided by y?
20
Suppose 7 = 3*x - x + r, 2*x - 10 = 2*r. Suppose 5*o + 296 = -4*q, -x*q - 4*o + 37 - 337 = 0. Let l = q - -187. What is the remainder when l is divided by 37?
34
Suppose 5*p - 4*l - 222 = 0, -5*l = -403*p + 406*p - 148. What is the remainder when 211 is divided by p?
27
Let n(h) = 4*h**2 + 33*h + 244. Calculate the remainder when n(-14) is divided by 123.
74
Let h(y) = -271*y + 7331. Let b(q) = q**3 - q**2 - q + 14. What is the remainder when b(0) is divided by h(27)?
0
Let z be (-203 - -2 - -2)*1. Let p = 252 + z. What is the remainder when 105 is divided by p?
52
Let o = 660 + -630. Calculate the remainder when 2697 is divided by o.
27
Let o = 39 - 31. Let d(y) = 8*y - 51. What is the remainder when (-4)/((5/(-16))/5) is divided by d(o)?
12
Suppose 820*c = -586 - 3997 + 24263. Calculate the remainder when 1319 is divided by c.
23
Suppose -2*k + 20 = -5*k + x, 4*x = -16. Let p(y) = y**2 + 6*y + 1. Let i be p(k). Suppose 3*v - i - 19 = 0. What is the remainder when 22 is divided by v?
10
Suppose -2130*l + 882 = -2116*l. What is the remainder when l is divided by 2?
1
Suppose -51*p + 55*p = -824. Let l = p + 225. What is the remainder when 50 is divided by l?
12
Calculate the remainder when 3299 is divided by (-128)/512 - (-301)/4.
74
Let r(y) = 23*y + 500. What is the remainder when 795 is divided by r(-21)?
13
What is the remainder when 506 is divided by 216/((-1)/(-7) + 364/196)?
74
Suppose -4*f - 300 = -4*m, -143*f + 295 = 4*m - 148*f. What is the remainder when 555 is divided by m?
75
Suppose 2*z - 121 = -q, 15*z - 4*q + 78 = 16*